 0 (base 16) to base 3.
0
What is -34 (base 5) in base 3?
-201
Convert 2 (base 12) to base 14.
2
What is 4 (base 11) in base 13?
4
Convert -1 (base 3) to base 14.
-1
What is -11 (base 4) in base 11?
-5
-112 (base 9) to base 3
-10102
What is -4 (base 8) in base 9?
-4
210 (base 3) to base 9
23
30 (base 15) to base 5
140
Convert 2 (base 4) to base 11.
2
Convert -3 (base 15) to base 13.
-3
15 (base 7) to base 8
14
What is 2 (base 11) in base 13?
2
Convert -1012 (base 4) to base 13.
-55
What is 25 (base 6) in base 8?
21
What is 13 (base 8) in base 2?
1011
-31 (base 5) to base 11
-15
-34 (base 12) to base 9
-44
-4 (base 11) to base 6
-4
What is -1a (base 14) in base 8?
-30
What is -3 (base 8) in base 4?
-3
Convert -4 (base 7) to base 12.
-4
-2 (base 3) to base 14
-2
Convert -5 (base 13) to base 4.
-11
142 (base 6) to base 11
57
What is -8 (base 11) in base 3?
-22
Convert -52 (base 11) to base 9.
-63
-42 (base 5) to base 14
-18
-bc (base 16) to base 8
-274
What is -2 (base 10) in base 4?
-2
Convert -40 (base 9) to base 5.
-121
Convert 6 (base 14) to base 4.
12
What is 0 (base 6) in base 3?
0
What is -27 (base 15) in base 13?
-2b
What is -10 (base 2) in base 8?
-2
-2 (base 11) to base 9
-2
-232 (base 4) to base 12
-3a
What is 2221 (base 3) in base 7?
142
Convert 56 (base 12) to base 16.
42
Convert -1 (base 16) to base 6.
-1
Convert 2030 (base 4) to base 9.
165
-1 (base 7) to base 16
-1
Convert -4 (base 16) to base 15.
-4
-2 (base 7) to base 15
-2
-3 (base 13) to base 3
-10
What is -11 (base 13) in base 9?
-15
Convert 2 (base 5) to base 2.
10
211 (base 3) to base 9
24
Convert -3 (base 7) to base 13.
-3
What is 24 (base 7) in base 11?
17
53 (base 6) to base 16
21
-13 (base 4) to base 14
-7
Convert -7 (base 12) to base 16.
-7
Convert 10 (base 4) to base 12.
4
Convert 13 (base 6) to base 5.
14
What is -123 (base 9) in base 13?
-7b
Convert -1 (base 5) to base 4.
-1
Convert 2 (base 11) to base 2.
10
What is 1120 (base 4) in base 2?
1011000
What is 11a (base 13) in base 7?
363
What is -51 (base 10) in base 14?
-39
Convert 22 (base 11) to base 15.
19
-14 (base 16) to base 4
-110
What is -24 (base 9) in base 14?
-18
What is -5 (base 11) in base 4?
-11
Convert 1101 (base 2) to base 9.
14
Convert 22 (base 3) to base 9.
8
Convert -43 (base 8) to base 14.
-27
Convert -5 (base 7) to base 10.
-5
-21 (base 3) to base 5
-12
3 (base 9) to base 10
3
What is 1 (base 8) in base 10?
1
What is a (base 13) in base 16?
a
What is 69 (base 14) in base 12?
79
Convert -10011 (base 2) to base 9.
-21
-6 (base 9) to base 15
-6
What is -235 (base 7) in base 15?
-84
1110 (base 3) to base 6
103
What is -253 (base 6) in base 13?
-81
What is 0 (base 15) in base 3?
0
What is -20 (base 3) in base 12?
-6
Convert -6 (base 10) to base 9.
-6
What is 50 (base 6) in base 9?
33
Convert -24 (base 16) to base 3.
-1100
What is -3330 (base 4) in base 7?
-510
What is 2 (base 15) in base 11?
2
What is -2 (base 11) in base 13?
-2
Convert -e (base 16) to base 4.
-32
What is -17 (base 8) in base 4?
-33
Convert -33 (base 13) to base 6.
-110
0 (base 7) to base 15
0
8 (base 16) to base 11
8
Convert -14 (base 12) to base 7.
-22
Convert -1 (base 15) to base 8.
-1
Convert -5 (base 13) to base 11.
-5
Convert 24 (base 12) to base 4.
130
What is 230 (base 4) in base 5?
134
What is -14 (base 5) in base 7?
-12
What is 2 (base 9) in base 14?
2
What is -f (base 16) in base 5?
-30
Convert -101 (base 3) to base 10.
-10
-3103 (base 4) to base 11
-182
200 (base 7) to base 4
1202
0 (base 14) to base 15
0
What is 3 (base 11) in base 6?
3
0 (base 7) to base 16
0
19 (base 10) to base 13
16
Convert -11200 (base 3) to base 10.
-126
-5 (base 8) to base 15
-5
What is -52 (base 10) in base 16?
-34
What is 122 (base 6) in base 3?
1212
0 (base 5) to base 16
0
What is 8b (base 16) in base 13?
a9
What is -3 (base 10) in base 11?
-3
Convert -10100 (base 3) to base 7.
-156
6 (base 10) to base 5
11
Convert 3c (base 16) to base 11.
55
What is -127 (base 8) in base 15?
-5c
Convert -101 (base 2) to base 11.
-5
What is 100 (base 2) in base 14?
4
22 (base 8) to base 7
24
What is 405 (base 6) in base 15?
9e
-222 (base 12) to base 3
-102122
-196 (base 13) to base 10
-292
What is 1013 (base 5) in base 12?
b1
Convert 3a (base 16) to base 15.
3d
Convert 3 (base 14) to base 3.
10
120 (base 9) to base 6
243
1001 (base 2) to base 13
9
What is 3 (base 10) in base 13?
3
What is 261 (base 9) in base 7?
430
2 (base 3) to base 8
2
Convert -14 (base 14) to base 10.
-18
-52 (base 9) to base 3
-1202
What is -100111 (base 3) in base 14?
-144
24 (base 12) to base 10
28
What is -1 (base 6) in base 14?
-1
-100 (base 6) to base 3
-1100
-10 (base 13) to base 2
-1101
What is -33 (base 6) in base 16?
-15
Convert 12 (base 9) to base 12.
b
Convert 211 (base 7) to base 2.
1101010
a (base 16) to base 13
a
Convert -320 (base 8) to base 2.
-11010000
Convert -34 (base 8) to base 10.
-28
56 (base 9) to base 6
123
-87 (base 9) to base 4
-1033
What is -102121 (base 3) in base 15?
-15d
What is -10110000 (base 2) in base 16?
-b0
Convert -16 (base 7) to base 4.
-31
What is 120 (base 4) in base 7?
33
Convert -28 (base 15) to base 6.
-102
-1044 (base 5) to base 13
-b6
-11 (base 15) to base 2
-10000
-4b (base 14) to base 10
-67
What is -300 (base 6) in base 4?
-1230
What is 23 (base 5) in base 13?
10
Convert -100 (base 3) to base 11.
-9
Convert a9 (base 11) to base 5.
434
What is 110 (base 5) in base 16?
1e
Convert 83 (base 13) to base 11.
98
What is -22 (base 15) in base 5?
-112
Convert -212 (base 3) to base 10.
-23
-37 (base 11) to base 2
-101000
Convert 17 (base 13) to base 7.
26
What is -102 (base 4) in base 11?
-17
-10 (base 4) to base 8
-4
-38 (base 14) to base 15
-35
Convert 3 (base 14) to base 3.
10
What is 1 (base 16) in base 9?
1
-19 (base 12) to base 6
-33
Convert 115 (base 9) to base 10.
95
What is 11 (base 4) in base 3?
12
b0 (base 16) to base 10
176
-30 (base 4) to base 3
-110
-32 (base 7) to base 5
-43
What is 3 (base 15) in base 12?
3
Convert -10 (base 15) to base 5.
-30
-2 (base 7) to base 12
-2
11000000 (base 2) to base 9
233
100 (base 3) to base 10
9
Convert 3 (base 4) to base 5.
3
10000000 (base 2) to base 11
107
Convert -2 (base 5) to base 4.
-2
Convert -2 (base 15) to base 14.
-2
What is 7 (base 10) in base 2?
111
Convert -5 (base 14) to base 15.
-5
Convert -2 (base 3) to base 15.
-2
Convert -3 (base 9) to base 5.
-3
Convert -4 (base 15) to base 4.
-10
Convert 5 (base 12) to base 13.
5
Convert -4 (base 16) to base 3.
-11
Convert -250 (base 7) to base 8.
-205
-100 (base 4) to base 14
-12
What is -40 (base 5) in base 9?
-22
What is 15 (base 16) in base 7?
30
-a (base 13) to base 8
-12
What is 31 (base 5) in base 9?
17
-3 (base 10) to base 3
-10
What is -40 (base 16) in base 8?
-100
What is -1000 (base 2) in base 15?
-8
What is -111 (base 6) in base 5?
-133
Convert -333 (base 4) to base 14.
-47
-3b (base 14) to base 12
-45
What is -9 (base 14) in base 7?
-12
10 (base 2) to base 8
2
Convert -1 (base 7) to base 4.
-1
Convert 33 (base 15) to base 7.
66
22 (base 6) to base 9
15
Convert 1122 (base 5) to base 3.
20000
-154 (base 8) to base 14
-7a
What is -32 (base 4) in base 7?
-20
Convert 30 (base 11) to base 13.
27
-20 (base 4) to base 9
-8
What is -15 (base 7) in base 12?
-10
Convert -101 (base 4) to base 7.
-23
Convert 231 (base 5) to base 2.
1000010
What is 100 (base 6) in base 14?
28
Convert 3 (base 15) to base 12.
3
25 (base 6) to base 15
12
Convert -3 (base 15) to base 14.
-3
Convert 2 (base 5) to base 8.
2
Convert -100 (base 7) to base 14.
-37
Convert -335 (base 6) to base 12.
-ab
-52 (base 9) to base 6
-115
10 (base 3) to base 16
3
a (base 14) to base 3
101
-2 (base 10) to base 5
-2
What is 6 (base 16) in base 11?
6
What is -3 (base 10) in base 12?
-3
What is 1 (base 5) in base 11?
1
What is -6 (base 10) in base 9?
-6
11 (base 2) to base 5
3
-2 (base 13) to base 12
-2
What is 110111 (base 2) in base 5?
210
Convert 121 (base 5) to base 11.
33
Convert 10 (base 4) to base 9.
4
Convert 102 (base 4) to base 12.
16
Convert -3 (base 6) to base 13.
-3
33 (base 9) to base 14
22
Convert -10 (base 2) to base 5.
-2
What is 85 (base 14) in base 12?
99
Convert -1122 (base 3) to base 14.
-32
Convert 324 (base 5) to base 13.
6b
-100100 (base 2) to base 12
-30
Convert 1 